 41*p - 21*p + 2*p**n - 16*p - 5. What is m(3)?
16
Let w(v) = -6*v - 87. Let b(t) = t**3 + 23*t**2 - 41*t - 423. Let l be b(-24). Determine w(l).
3
Let a(u) = 4*u**2 + 2 + 7*u**2 + u**2 - 13*u**2 - 1 - 3*u. Calculate a(-2).
3
Suppose 0 = -3*z + 4*q + 30, 4*q = 5*q + 3. Suppose 13*c = z*c + 28. Let n(p) = -8*p + 5*p - c + 2. What is n(-2)?
4
Let d be -2 + (-60)/(-4) + -7. Suppose 0 = d*i - 4*i - 6. Let q(f) = -2*f**3 + 5*f**2 - 2*f. What is q(i)?
-15
Let a(d) = -40*d + 84 - 315 - 2*d**2 + 73 + 69. Calculate a(-17).
13
Let u(d) = -2*d - 30. Suppose -27498 + 27282 = 24*z. Give u(z).
-12
Let l(a) = -a**3 + 10*a**2 - 9*a + 9. Let i be l(9). Suppose -3*x - c - 7 = 0, 0 = -i*x + 5*x - 5*c + 9. Let y(v) = -v**3 - 6*v**2 - 3*v + 4. Give y(x).
-16
Let d(k) be the third derivative of -19*k**2 - 2/15*k**5 + 1/120*k**6 + 3/8*k**4 - k + 0 - 3/2*k**3. Calculate d(7).
5
Suppose -15 - 3 = -6*c. Let d be (-6)/(-9) - (-35)/15. Suppose -d*j = c*x - 9, 0 = -3*j - 5*x + 16 + 1. Let k(n) = -5*n**3. Give k(j).
5
Let c = -234 + 239. Let z(d) = 2*d**2 - 9*d + 3. Let k(o) = 4*o**2 - 19*o + 5. Let v(t) = c*z(t) - 2*k(t). What is v(4)?
9
Let c(s) be the second derivative of -s**4/6 + s**3/3 - 17756*s. Let x = -3 - -2. Let o be 0 + x + 2 + 1. Give c(o).
-4
Let m(q) = 63 - 9 + 5*q + 12 + 8*q. Calculate m(-6).
-12
Let h(o) = o**3 + 6*o**2 + 3*o - 4. Let v(y) = 2*y - 12. Let n be v(6). Let b be 3 + n - (-1 - 2). Suppose -b*l - 17 = 13. Give h(l).
6
Let y(z) = z + 12279 - 36850 + 12282 + 12287 + 0*z. Suppose -4 = 5*d - 2*a - 39, 3*d - 21 = 5*a. Calculate y(d).
5
Let y(q) = q**2 + 2. Suppose 20*h + 123 = -97. Let n be h/33 - ((-30)/9 + -1). Give y(n).
18
Let x(i) = -195*i + 196*i + 6*i**2 - 5*i**2. Determine x(1).
2
Let n(s) = -111*s - 15. Let f be n(-5). Let k(z) = -2*z + 4*z - 547 + f - z. Determine k(8).
1
Let u(x) = x + 22. Let l be u(-15). Let k(s) = -s**2 + 8*s + 11. Let m(y) = -y**2 + 7*y + 10. Let g(h) = l*m(h) - 6*k(h). Calculate g(3).
-2
Let h(k) = k**3 + 4*k**2 - 49*k + 17. Suppose 6*x - 4*x - z = 13, 2*z = 5*x - 31. Give h(x).
-3
Let c(d) be the second derivative of -d**5/20 - 5*d**4/4 - 17*d**3/6 + 3*d**2 + 181*d. Calculate c(-14).
48
Let q(r) be the first derivative of -13*r**2/2 + 124*r - 710. Determine q(10).
-6
Let w(m) be the first derivative of -m**6/120 + m**5/12 + m**4/12 - m**3 - 37*m**2/2 + m - 47. Let c(d) be the second derivative of w(d). What is c(5)?
4
Let g(o) = o - 9. Let u(n) = -5*n**3 + 2*n**2 - 2*n + 1. Let a be (4/(-16))/(5/(-20)). Let m be u(a). Let l(b) = 8. Let h(x) = m*l(x) - 3*g(x). Determine h(-4).
7
Let v = 58 - 18. Let f be 2/(5/v*4). Suppose -f*t = -t + 3. Let y(k) = 10*k + 1. Calculate y(t).
-9
Let q(m) = -11*m - 1437. Let j be q(-131). Suppose 2*r + 0*r - 6 = 0. Let t(z) = z**r + z + 2*z**2 + 2*z**2 - 2*z**3 + 5. Give t(j).
9
Let s(v) = -5*v - 5. Let q(b) = 7*b + 18. Let p(y) = -4*y - 9. Let n(u) = -13*p(u) - 6*q(u). Let c(i) = -6*n(i) - 11*s(i). Let g = -11 + 12. Calculate c(g).
-4
Let d(w) = -4 - 7 + 33 - 2*w + 14 + 6*w. Give d(-10).
-4
Let a be -6 + (-15 - -35 - (3 - -1)). Let n(x) = -a*x**2 - 3 + 1 + 17*x**2 - x**2 - 7*x**2. Let b = -8 + 11. Give n(b).
-11
Let t(w) be the third derivative of 7*w**6/120 - w**5/20 - w**4/12 + w**3/3 - 1806*w**2 - w. Give t(-1).
-6
Suppose -10 = -0*s + s - i, 5*i + 90 = -5*s. Let o(h) = h**2 + 16*h + 26. Let w be o(s). Let b(f) = f**2 + 4*f + 1. What is b(w)?
-3
Let m(c) be the second derivative of -1/2*c**2 + 0 + 5/12*c**4 + c - c**3 + 1/20*c**5. What is m(-6)?
-1
Let k(c) = 0 + c + 0 + 4 + 7 + 6*c. Determine k(-5).
-24
Let r(k) be the third derivative of k**4/8 + 16*k**3/3 - 4*k**2 - 311. Calculate r(-5).
17
Let m(p) = 475*p + 7*p**2 - 242*p - 2*p**2 - 234*p - p**3 + 1. Give m(4).
13
Let j(x) = 26. Let l(c) = 35. Let a(p) = -4*j(p) + 3*l(p). Let d(b) = -b**2 - 11*b - 2. Let v(y) = 4*a(y) - d(y). Calculate v(-10).
-4
Let x(o) = 9*o - 2. Let v be x(3). Let k be ((-4)/10)/((-5)/v). Let g(f) = 3*f - 229*f**2 + 2 + 228*f**2 - k*f. Determine g(4).
-10
Suppose -5*v - 103 = -2*o, 2113*o - 2*v + 122 = 2117*o. Let q(y) = -7*y + 232. Determine q(o).
-6
Let h = 14/241 - -213/482. Let y(n) be the third derivative of h*n**3 - 15*n**2 + 0*n + 0 + 1/12*n**4. Give y(-3).
-3
Let h(r) = 2843*r - 5 - 2857*r - r**3 + 17*r**2 - 25*r**2. Determine h(-6).
7
Let n(a) = -6*a**2 + a + 2. Let k(u) = 16*u + 116. Let r be k(-7). Let y(o) = 5*o**2 - 2*o - 2. Let j(v) = r*n(v) + 5*y(v). What is j(6)?
-2
Let w be ((-6)/9)/((-4)/24). Suppose 1 = o + j + 2, j + 11 = w*o. Let c(s) = 6*s + 2*s**2 - 8*s**o + 6*s**2 - s**2. Give c(5).
5
Let f(m) = m**2 + 13*m + 18. Let j be f(-13). Let p(n) = 9*n**3 + 20*n - 1 - j*n - 10*n**3 - n**2. Determine p(1).
-1
Let h(b) = 6*b - 22. Suppose -62*z - 285 = -507 - 770. What is h(z)?
74
Let w(i) = i**3 + i**2 - i + 2. Let t be -1 - 7/42*0. Let u(j) = -4*j**3 - 13*j**2 - 9*j - 8. Let y(v) = t*u(v) - 3*w(v). What is y(-8)?
34
Let g(h) be the first derivative of -89*h**3/3 + h**2 - h - 493. Calculate g(1).
-88
Let t = -82 - -90. Let w(i) = 33 - t*i - 21 + i**2 - 10 - 4*i. Calculate w(12).
2
Let p(m) = -m**2 - 4*m + 3. Suppose 3*x - 157 = 167. Suppose -4*u - x - 84 = 0. Let g be u/8*(-2)/(-2). What is p(g)?
-9
Suppose 9 = 3*l - 0*l. Let c be (-70)/(-15) - (-5)/(-3). Let a(q) = q**3 + 81*q - c + 0 - 84*q - 3*q**2. Determine a(l).
-12
Let g = 7 - 5. Let j(x) = -x**2 + g - 5 + 8*x - 2*x + 0. Let l(z) = z**2 - 39*z + 175. Let u be l(5). What is j(u)?
2
Let b(j) = j**3 + j**2 - j + 2. Let z = 92 + -96. Let i be 4 + 2*2/z. Suppose 9 - i = -3*v. What is b(v)?
0
Let n be (-46)/6 + 3*(-6 - 280/(-45)). Let d(i) = -i**3 - 6*i**2 + 3*i + 9. What is d(n)?
37
Suppose -5*j - 184 = -34. Let a = j + 31. Let g(w) = 0 - 3*w + a + 4 - 9. Calculate g(-6).
14
Let b be 2 + 0*3/(-9). Let k = -99 + 583. Let p(l) = -3*l + 3*l + 483*l**b - k*l**2 - 9*l. Determine p(-8).
8
Let k(g) = -7*g - 3. Let v = 94 - 67. Suppose 39 = -4*p + v. Determine k(p).
18
Let i(d) = -4*d**3 - 2*d + 1. Let o be i(1). Let u be (5/2)/(56/(-32) - -3). Let q(y) = -y**3 + 1 - 6 - 8*y**2 + u*y**2 - 2 - 8*y. Determine q(o).
8
Suppose 0 = 4*a - 3*a + 8. Let g(d) be the first derivative of 38 - 9/2*d**2 - 5*d - 1/3*d**3. What is g(a)?
3
Let v(b) = -11*b**2 + 10*b + 27. Let o(y) = -31*y**2 + 28*y + 79. Let c(j) = -6*o(j) + 17*v(j). Calculate c(0).
-15
Let l(q) = q**2 + 12*q + 17. Suppose -15 + 27 = 6*k. Let i(d) = 5*d**2 + 48*d + 67. Let n(m) = k*i(m) - 9*l(m). Determine n(14).
9
Let p(z) be the second derivative of -z**8/6720 - z**7/630 - z**6/720 - z**5/40 + 95*z**4/12 - 70*z. Let a(b) be the third derivative of p(b). Calculate a(-4).
1
Let m = -1276 - -3789. Let z(d) = -d**3 + m*d - 2513*d. Calculate z(0).
0
Let v(r) = 8*r + 133. Let j(u) = -2*u - 19. Let z(b) = 6*j(b) + v(b). Calculate z(8).
-13
Let k(l) = -24*l - 17. Suppose -9*z - 17 = 8*z. Let w be k(z). Let q(v) = -v**3 + 6*v**2 + 7*v - 4. Determine q(w).
-4
Let q be 1 - (-3 + -1 + 4 - 1). Suppose p = -q*t - p - 4, 0 = -5*t + 2*p - 31. Let n(v) = -v - 10. Calculate n(t).
-5
Let m(h) be the third derivative of -h**6/120 - h**5/12 - h**4/8 + h**3/2 - 10627*h**2. What is m(-3)?
-6
Let x be (2 + -4)/((2 - 4) + 1). Let v be (x/(-3))/((-46)/(-483)). Let m(f) = f - 2. What is m(v)?
-9
Let r(d) be the first derivative of 13*d + 18 - 11/3*d**3 - 4*d**2 - 1/4*d**4. Determine r(-10).
-7
Suppose 3*u - 2*u = 7. Suppose -5*d = -0*g - 3*g - u, 2*g = 3*d - 5. Let k(x) = -76*x + 5. Let b(y) = 19*y - 1. Let a(f) = 9*b(f) + 2*k(f). Determine a(d).
-18
Let m(q) = 12*q - 5*q**2 + 13 + 11 + 4 - 40 - q**3. Let w be m(-7). Let p(k) = 6*k**3 - k**2 - k - 1. Give p(w).
41
Let d(t) = -8*t**2 - 5*t - 294*t**3 - 302*t**3 - 300*t**3 - 12 + 895*t**3. What is d(-6)?
-54
Let c = -380 + 488. Suppose 24*f = 6*f - c. Let h(m) = -2 - 5 - 2*m + 5. Give h(f).
10
Suppose 7*y - 12*y + 12 = v, y - 12 = 3*v. Let r be y/(-33)*-2 - (-26)/(-22). Let c(h) = 18*h**3 - h - 1. Determine c(r).
-18
Let z(f) be the second derivative of -2*f**3/3 - 35*f**2/2 - 14*f + 109. Calculate z(-6).
-11
Let u(n) be the second derivative of n**5/120 - 19*n**4/24 + n**3/6 + 14*n**2 + n + 21. Let v(s) be the second derivative of u(s). What is v(0)?
-19
Let l(g) be the first derivative of -6 + 1/20*g**5 - 1/360*g**6 + 0*g**2 + 0*g + 0*g**4 + 2/3*g**3. Let f(y) be the 